6, what is -511 - 4?
-515
In base 16, what is -e - 16?
-24
In base 14, what is 16b4 - 1?
16b3
In base 15, what is 21 - 4?
1c
In base 7, what is 3 + 21555?
21561
In base 16, what is -5 - -77?
72
In base 14, what is -6 - -14?
c
In base 3, what is 11 - 1112020?
-1112002
In base 3, what is 20 - -2212101?
2212121
In base 9, what is -118 + 43?
-65
In base 2, what is 100100101 + 100?
100101001
In base 2, what is 1101010000010 + 100?
1101010000110
In base 6, what is 12 + 400?
412
In base 6, what is 0 + 45?
45
In base 9, what is -873 + -3?
-876
In base 9, what is 173 + 0?
173
In base 4, what is 0 + -1112200?
-1112200
In base 10, what is 2550 + 5?
2555
In base 16, what is a - -e?
18
In base 7, what is -12 - 30?
-42
In base 15, what is -4 + -32?
-36
In base 5, what is 1 + -40?
-34
In base 13, what is 3 - 2397?
-2394
In base 11, what is 5 + -205?
-200
In base 6, what is 0 + 3024?
3024
In base 10, what is -196 + 8?
-188
In base 13, what is 30 + -5?
28
In base 6, what is -12 + 4434?
4422
In base 13, what is b8 + 4?
bc
In base 10, what is -29 + 18?
-11
In base 16, what is -4 + -1c?
-20
In base 7, what is -61 - 110?
-201
In base 11, what is 0 + -328?
-328
In base 8, what is -217 - 0?
-217
In base 11, what is 20 - 178?
-158
In base 14, what is 6 - -7?
d
In base 4, what is 120202 + 1?
120203
In base 13, what is 104 - 2b?
a6
In base 9, what is 448 + -2?
446
In base 9, what is 10 + -7?
2
In base 5, what is -1230 + -201?
-1431
In base 2, what is -110011011100010 + 11?
-110011011011111
In base 5, what is 41 + -3324?
-3233
In base 6, what is 5 - -142?
151
In base 16, what is -17 - -10?
-7
In base 5, what is 303 + -43?
210
In base 10, what is 1 - -81?
82
In base 6, what is -13 - 42?
-55
In base 8, what is -14 - 272?
-306
In base 12, what is 0 - -8?
8
In base 7, what is -4 - 26635?
-26642
In base 6, what is -2 - 1015?
-1021
In base 16, what is 39 + 7?
40
In base 11, what is 3 - -a4?
a7
In base 10, what is -1440 + -4?
-1444
In base 9, what is 20 - -11?
31
In base 4, what is -113 - 21321?
-22100
In base 5, what is 4130 + 3?
4133
In base 13, what is 920 + -1?
91c
In base 10, what is -15 - -868?
853
In base 16, what is -2b + 60?
35
In base 12, what is -119 + 1?
-118
In base 8, what is 3 + 21045?
21050
In base 13, what is -19 - -54?
38
In base 13, what is -6 + 19?
13
In base 4, what is -11 - 312?
-323
In base 11, what is -2 + 327a?
3278
In base 4, what is -30 - -130?
100
In base 6, what is -214504 - -3?
-214501
In base 2, what is 110 - 10000110?
-10000000
In base 4, what is 13231 - 110?
13121
In base 6, what is -2310 + 1?
-2305
In base 12, what is -1a8a - 5?
-1a93
In base 15, what is -7 + -5?
-c
In base 2, what is -10001111010 - 0?
-10001111010
In base 4, what is -10 + -233?
-303
In base 3, what is -10 - -212?
202
In base 13, what is b - -2?
10
In base 12, what is -1658 + 5?
-1653
In base 5, what is 312402 + 4?
312411
In base 3, what is 20011222 - -12?
20012011
In base 14, what is -705 - -5?
-700
In base 5, what is -10311 + 10?
-10301
In base 3, what is 200100121 - 2?
200100112
In base 2, what is 11001 - -11?
11100
In base 5, what is -131242 - 0?
-131242
In base 13, what is 10 - -144?
154
In base 3, what is 112102 - 1?
112101
In base 2, what is 10010001 + 10011?
10100100
In base 14, what is 3 + 28a?
28d
In base 15, what is -8 - a1?
-a9
In base 10, what is 126 + 0?
126
In base 10, what is 186 - 5?
181
In base 4, what is 1010 - 3?
1001
In base 12, what is -93 + -14?
-a7
In base 14, what is a + 21a?
226
In base 6, what is 53 - 12?
41
In base 15, what is 6 - -236?
23c
In base 10, what is -366 - -1?
-365
In base 2, what is -11000 - 10100000?
-10111000
In base 10, what is -6 - -33?
27
In base 11, what is 0 + -5333?
-5333
In base 12, what is -12b + -4?
-133
In base 7, what is -5 + 141?
133
In base 4, what is -11 - -233313?
233302
In base 10, what is -29 + -242?
-271
In base 12, what is 5 + -15?
-10
In base 9, what is 4 - -71?
75
In base 14, what is -4 + 1?
-3
In base 16, what is -4 + -41f?
-423
In base 3, what is 102122 - 122?
102000
In base 11, what is 133 + -1?
132
In base 11, what is -4185 - 4?
-4189
In base 10, what is 19 - 159?
-140
In base 15, what is 1 + -490?
-48e
In base 8, what is -2 + 12?
10
In base 11, what is 5 + -302?
-2a8
In base 7, what is 2 - 3?
-1
In base 5, what is 1 - 314?
-313
In base 9, what is 25 - 5?
20
In base 6, what is 44445 + 0?
44445
In base 12, what is -4 + -1745?
-1749
In base 12, what is -32 - -8?
-26
In base 12, what is 1046 + 0?
1046
In base 10, what is 2 - -32?
34
In base 12, what is 4 - -234?
238
In base 15, what is 10e + -5?
109
In base 7, what is -5 + -115?
-123
In base 12, what is 7 + 8?
13
In base 8, what is 4 + -2110?
-2104
In base 8, what is 15077 + 3?
15102
In base 10, what is 4 - 752?
-748
In base 6, what is -55 + 4?
-51
In base 12, what is 0 - -68?
68
In base 16, what is 2 - -a?
c
In base 13, what is -308 + -5?
-310
In base 14, what is -94 + 0?
-94
In base 12, what is -10 + -45?
-55
In base 16, what is -5 + 1ed?
1e8
In base 3, what is -12202 - 1222?
-21201
In base 15, what is 8d - 16?
77
In base 5, what is 202 + 2?
204
In base 6, what is -30 + 231?
201
In base 12, what is -16 + -4?
-1a
In base 5, what is -20 - -24?
4
In base 3, what is -11221 + 1020?
-10201
In base 9, what is 46 + 50?
106
In base 5, what is -3 - 133333?
-133341
In base 7, what is -50 - 11?
-61
In base 7, what is -62 + -1?
-63
In base 6, what is 0 + 4304?
4304
In base 16, what is 2b9 - -3?
2bc
In base 2, what is -1011 - 1001110?
-1011001
In base 11, what is 0 - 11?
-11
In base 13, what is 2 + 721?
723
In base 14, what is 22 + 117?
139
In base 7, what is -30 + 6?
-21
In base 10, what is -1 - 22?
-23
In base 13, what is 2 - 2152?
-2150
In base 8, what is 33 - 37?
-4
In base 3, what is -220 + -21120?
-22110
In base 5, what is 11134 + 31?
11220
In base 7, what is -256 - 1?
-260
In base 16, what is -8 + 151?
149
In base 5, what is -2 - 114?
-121
In base 7, what is 0 + 50?
50
In base 12, what is -1 - -52?
51
In base 14, what is -2d - a?
-39
In base 4, what is -13310 + -11?
-13321
In base 7, what is 10005 + -1?
10004
In base 12, what is 13 - -21?
34
In base 3, what is 12 + -1202020?
-1202001
In base 15, what is -9 - 2b1?
-2ba
In base 9, what is 10446 - -2?
10448
In base 4, what is -103 + -213?
-322
In base 7, what is -505 + -5?
-513
In base 7, what is -34 - -10?
-24
In base 2, what is -1111 - -11100?
1101
In base 12, what is -3 - -6?
3
In base 9, what is 54 + 1?
55
In base 3, what is 1210 - 11?
1122
In base 4, what is -1320 + 3?
-1311
In base 11, what is a + -12?
-3
In base 11, what is 91 - 2?
8a
In base 15, what is -2 + -70?
-72
In base 16, what is -5 - cf?
-d4
In base 7, what is -10400 - -2?
-10365
In base 11, what is 75 + -a?
66
In base 3, what is -1012 - 102?
-1121
In base 8, what is -15 + 510?
473
In base 15, what is -12e + 5?
-129
In base 15, what is -161 - -5?
-15b
In base 8, what is 1 - -2577?
2600
In base 14, what is 15c - 3?
159
In base 13, what is b - -10?
1b
In base 10, what is -36 - 172?
-208
In base 15, what is e + -d?
1
In base 3, what is -11021 + -1201?
-12222
In base 2, what is -10100101 - 110?
-10101011
In base 14, what is 1 - -12?
13
In base 9, what is -1068 + -4?
-1073
In base 12, what is 9878 - 2?
9876
In base 16, what is 4 + -b2?
-ae
In base 2, what is 10 - 1101?
-1011
In base 7, what is 265 - -1?
266
In base 12, what is 23 + -5?
1a
In base 8, what is 200 - -3?
203
In base 5, what is -4 + 140232?
140223
In base 13, what is -191 - -17?
-177
In base 15, what is -34 + -5?
-39
In base 9, what is -1 - 3702?
-3703
In base 4, what is -11 + -210223?
-210300
In base 14, what is 11b + 4?
121
In base 4, what is -111 + 331?
220
In base 12, what is -16 + 95?
7b
In base 14, what is -6bd + 1b?
-6a2
In base 4, what is 3120 - 20?
3100
In base 3, what is -2012010 - -10?
-2012000
In base 11, what is -4123 - 5?
-4128
In base 8, what is 47 + 11?
60
In base 12, what is -13 + 4?
-b
In base 3, what is 102220 + 1?
102221
In base 3, what is 21 - 1120021?
-1120000
In base 16, what is 21 - -3?
24
In base 2, what is 100001011 + 100?
100001111
In base 9, what is -35 - 322?
-357
In base 6, what is 11 - 14?
-3
In base 11, what is 15 - -22?
37
In base 6, what is 340 + 5?
345
In base 8, what is 7 - 410?
-401
In base 9, what is -76 + -4?
-81
In base 15, what is -2 + -3a0?
-3a2
In base